{"id":12017,"date":"2016-01-19T12:38:42","date_gmt":"2016-01-19T11:38:42","guid":{"rendered":"https:\/\/senak.inf.tu-dresden.de\/wordpress\/?page_id=12017"},"modified":"2022-11-29T07:00:14","modified_gmt":"2022-11-29T06:00:14","slug":"deniss","status":"publish","type":"page","link":"https:\/\/senak.inf.tu-dresden.de\/wordpress\/?page_id=12017","title":{"rendered":"DENISS e.V."},"content":{"rendered":"\n<p><a href=\"https:\/\/senak.inf.tu-dresden.de\/wordpress\/?page_id=12017\">Seite ansehen<\/a><\/p>\n\n\n<h3><strong>DENISS e.V.<\/strong><\/h3>\n<h4><strong>Deutsches Netzwerk der Interessenvertretungen von Senior-Studierenden<\/strong><\/h4>\n<p><a href=\"http:\/\/www.deniss.de\">www.deniss.de<\/a><\/p>\n<p>DENISS e.V. ist<\/p>\n<ul>\n<li>ein gemeinn\u00fctziger Verein.<\/li>\n<li>ein Zusammenschluss von Vereinigungen von Seniorstudierenden, um das Seniorenstudium an deutschen Universit\u00e4ten und Hochschulen zu f\u00f6rdern.<\/li>\n<li>f\u00fcr neue Mitglieder jederzeit offen.<\/li>\n<\/ul>\n<p>DENISS e.V. dient<\/p>\n<ul>\n<li>der Weiterbildung der Mitglieder.<\/li>\n<li>der Organisation von Workshops und Informationsveranstaltungen.<\/li>\n<li>der Planung und Durchf\u00fchrung von Tagungen zur Entwicklung des Seniorenstudiums und L\u00f6sung aktueller Fragen.<\/li>\n<li>dem Erfahrung\u2013 und Informationsaustausch untereinander bei Treffen und \u00fcber das Internet<\/li>\n<li>der Formulierung gemeinsamer Standpunkte.<\/li>\n<li>dem gemeinsamen Handeln zur Wahrung der Interessen der \u00e4lteren Studierenden gegen\u00fcber der Politik und der \u00d6ffentlichkeit.<\/li>\n<li>zur gegenseitigen Unterst\u00fctzung der Mitglieder untereinander beim Auf- und Ausbau ihrer Organisationen.<\/li>\n<\/ul>\n<p>DENISS e.V. unterh\u00e4lt Kontakte<\/p>\n<ul>\n<li>zu den in der Bundesarbeitsgemeinschaft Wissenschaftliche Weiterbildung f\u00fcr \u00c4ltere zusammengeschlossenen Organisatoren des Seniorenstudiums an den Universit\u00e4ten (<a href=\"https:\/\/dgwf.net\/bag-wiwa.html\">BAGWiWA<\/a>).<\/li>\n<li>zur Bundesarbeitsgemeinschaft der Senioren-Organisationen (<a href=\"http:\/\/www.bagso.de\/\">BAGSO<\/a>) als Mitglied.<\/li>\n<li>zur Europ\u00e4ischen Vereinigung \u00c4lterer Studierender an den Universit\u00e4ten (<a href=\"http:\/\/www.efos-europa.eu\/\">EFOS<\/a>).<\/li>\n<li>zur Internationalen Vereinigung der Senioren Universit\u00e4ten (<a href=\"https:\/\/www.aiu3a.org\/v2\/\">AIUTA<\/a>).<\/li>\n<\/ul>\n<p>\u00a0<\/p>\n<pre><em>Hans Schr\u00f6ter<\/em><br \/><em>Mitglied des Vorstandes der DSA, verantwortlich f\u00fcr Projekte und nationale\/internationale Zusammenarbeit<\/em><br \/><em>zuletzt ge\u00e4ndert am 28.11.2022<\/em><\/pre>\n<p>\u00a0<\/p>\n\n\n<p><\/p>\n","protected":false},"excerpt":{"rendered":"<p>Seite ansehen DENISS e.V. Deutsches Netzwerk der Interessenvertretungen von Senior-Studierenden www.deniss.de DENISS e.V. ist ein gemeinn\u00fctziger Verein. ein Zusammenschluss von Vereinigungen von Seniorstudierenden, um das Seniorenstudium an deutschen Universit\u00e4ten und Hochschulen zu f\u00f6rdern. f\u00fcr neue Mitglieder jederzeit offen. DENISS e.V. dient der Weiterbildung der Mitglieder. der Organisation von Workshops und Informationsveranstaltungen. der Planung und Durchf\u00fchrung [&hellip;]<\/p>\n","protected":false},"author":4,"featured_media":0,"parent":1103,"menu_order":4,"comment_status":"closed","ping_status":"closed","template":"","meta":[],"_links":{"self":[{"href":"https:\/\/senak.inf.tu-dresden.de\/wordpress\/index.php?rest_route=\/wp\/v2\/pages\/12017"}],"collection":[{"href":"https:\/\/senak.inf.tu-dresden.de\/wordpress\/index.php?rest_route=\/wp\/v2\/pages"}],"about":[{"href":"https:\/\/senak.inf.tu-dresden.de\/wordpress\/index.php?rest_route=\/wp\/v2\/types\/page"}],"author":[{"embeddable":true,"href":"https:\/\/senak.inf.tu-dresden.de\/wordpress\/index.php?rest_route=\/wp\/v2\/users\/4"}],"replies":[{"embeddable":true,"href":"https:\/\/senak.inf.tu-dresden.de\/wordpress\/index.php?rest_route=%2Fwp%2Fv2%2Fcomments&post=12017"}],"version-history":[{"count":2,"href":"https:\/\/senak.inf.tu-dresden.de\/wordpress\/index.php?rest_route=\/wp\/v2\/pages\/12017\/revisions"}],"predecessor-version":[{"id":27884,"href":"https:\/\/senak.inf.tu-dresden.de\/wordpress\/index.php?rest_route=\/wp\/v2\/pages\/12017\/revisions\/27884"}],"up":[{"embeddable":true,"href":"https:\/\/senak.inf.tu-dresden.de\/wordpress\/index.php?rest_route=\/wp\/v2\/pages\/1103"}],"wp:attachment":[{"href":"https:\/\/senak.inf.tu-dresden.de\/wordpress\/index.php?rest_route=%2Fwp%2Fv2%2Fmedia&parent=12017"}],"curies":[{"name":"wp","href":"https:\/\/api.w.org\/{rel}","templated":true}]}}