{"id":269,"date":"2022-03-10T10:10:00","date_gmt":"2022-03-10T09:10:00","guid":{"rendered":"https:\/\/senak.inf.tu-dresden.de\/wordpress\/?page_id=269"},"modified":"2025-10-22T16:15:28","modified_gmt":"2025-10-22T14:15:28","slug":"ig-internet","status":"publish","type":"page","link":"https:\/\/senak.inf.tu-dresden.de\/wordpress\/?page_id=269","title":{"rendered":"Digitale Kommunikation"},"content":{"rendered":"\n<figure class=\"wp-block-table\"><table><tbody><tr><td><strong>Interessengruppe\u2013<br>Digitale Kommunikation<\/strong><\/td><td><strong>IG-Leiter<\/strong><br><strong> Vertreter<\/strong><\/td><td>Thomas Reuter<br>Wolfgang Hoffmann<\/td><\/tr><tr><td>\ufeff<\/td><td><strong>IG-Zeiten<\/strong><\/td><td>In der Regel jeden <strong>1. Dienstag im Monat <\/strong>(au\u00dfer August), bitte Semesterprogramm beachten.<\/td><\/tr><tr><td>\ufeff<\/td><td><strong>Ort<\/strong><\/td><td>In der Regel<span class=\"has-inline-color has-black-color\"> im <\/span><strong><span class=\"has-inline-color has-black-color\">Medienkulturzentrum Dresden, Kraftwerk Mitte 3,<\/span> 01067 Dresden<\/strong>, bitte Semesterprogramm beachten.<br>Falls jemand nicht am Pr\u00e4senztreffen teilnehmen kann, bieten wir f\u00fcr auch die M\u00f6glichkeit \u00fcber eine Online-Plattform teilzunehmen.<\/td><\/tr><tr><td>\ufeff<\/td><td><strong>Inhalte<\/strong><\/td><td>Themen der digitalen Kommunikation und des digitalen Alltags f\u00fcr Senioren<br>Die IG soll den Mitgliedern ein Austauschforum zu digitalen Themen und den damit einhergehenden Herausforderungen f\u00fcr Senioren bieten.<\/td><\/tr><tr><td><strong>Kontakt<\/strong><\/td><td><strong>IG- Leiter&nbsp;&nbsp;&nbsp;&nbsp;&nbsp;&nbsp;&nbsp;&nbsp;&nbsp;&nbsp;&nbsp;&nbsp;&nbsp;&nbsp;&nbsp;&nbsp;&nbsp;&nbsp;&nbsp; Vertreter<\/strong><\/td><td><a href=\"mailto: reuter@dsa-senioren.de\">Reuter@dsa-senioren.de<\/a> <br><a href=\"mailto:w.hoffmann@dsa-senioren.de\">w.hoffmann@dsa-senioren.de<\/a><\/td><\/tr><tr><td><strong>Voraussetzung<\/strong><\/td><td>\ufeff<\/td><td>Teilnahme an Treffen mit g\u00fcltigem H\u00f6rerausweis<br><\/td><\/tr><tr><td><strong>weitere Informationen<\/strong><\/td><td><strong>Themen<\/strong><\/td><td>Alle Themen aus dem erweiterten IT-Bereich sollten angesprochen werden<br>&#8211; Hinterfragung von IT- Zusammenh\u00e4ngen<br>&#8211; Vorstellung von Hardware-            und Softwarefunktionen<br>&#8211; Hintergr\u00fcnde und Funktionsprinzipien von IT-L\u00f6sungen<br>&#8211; Funktionsweisen von digitalen L\u00f6sungen vorrangig f\u00fcr den digitalen Alltag von Senioren<br>&#8211; Erkl\u00e4rung von Funktionsweisen digitaler Endger\u00e4te (Smartphone, Tablet , Rechner, &#8230;)<\/td><\/tr><tr><td><\/td><td><strong>Teilnahme<\/strong><\/td><td>Neue Mitglieder sind jederzeit willkommen<\/td><\/tr><\/tbody><\/table><\/figure>\n\n\n\n<p><\/p>\n\n\n\n<div class=\"wp-block-columns\">\n<div class=\"wp-block-column\"><\/div>\n\n\n\n<div class=\"wp-block-column\"><\/div>\n<\/div>\n\n\n<p><\/p>\n<p><strong>Interessengruppe \u201eDigitale Kommunikation\u201c<\/strong><\/p>\n<p>Heute ist ein Leben ohne neue Medien kaum vorstellbar. Viele \u00e4ltere Menschen nutzen das Internet, um sich zu informieren, um einzukaufen oder um mit der weitverzweigten Familie, mit Freunden und Bekannten in Kontakt zu bleiben.<img loading=\"lazy\" class=\"alignright\" src=\"https:\/\/senak.inf.tu-dresden.de\/wordpress\/wp-content\/uploads\/2023\/01\/image.png\" width=\"176\" height=\"305\"><\/p>\n<p>Zugleich sorgen Meldungen \u00fcber Datendiebst\u00e4hle, Schadsoftware und Betr\u00fcgereien durch fingierte E-Mails bei vielen Menschen f\u00fcr Verunsicherung. Bei aller berechtigten Vorsicht ist es wichtig, gerade \u00e4ltere Menschen dabei zu unterst\u00fctzen, die neuen Medien sicher und selbstbestimmt zu nutzen, damit auch sie von den vielen M\u00f6glichkeiten profitieren.<\/p>\n<p>Der Inhalt unserer Treffen ist weit gef\u00e4chert, jede Veranstaltung ist offen f\u00fcr alle H\u00f6rerinnen und H\u00f6rer der DSA und wird online&nbsp; \u00fcbertragen.<br>In der Interessengruppe Digitale Kommunikation treffen sich monatlich kundige und interessierte Anwender von PC, Tablet oder Smartphone, die sich gegenseitig und mit geladenen Referenten zu speziellen Gebieten der Informationstechnik (IT) und des Internets austauschen und ihre Kenntnisse vertiefen wollen.<br>Dabei sehen wir uns auch als Kooperationspartner und Unterst\u00fctzer des Teams Online der Dresdner Seniorenakademie, das sich sowohl mit den Themen des Digitalen Alltags f\u00fcr Senioren besch\u00e4ftigt als auch Grundkenntnisse zum Umgang mit Smartphone und Tablet vermittelt.<br>Aktuelle Themen sind Sicherheit im Netz und Schutz vor Gefahren,&nbsp; Einf\u00fchrung in das Thema \u201eK\u00fcnstliche Intelligenz, Besuch von Ausstellungen zum Thema Informationstechnik, Computersicherheit usw.<br>Die genaue Planung f\u00fcr das laufende Semester entnehmen Sie bitte dem aktuellen Semesterprogramm.<br>Wir freuen uns auf neue Mitstreiter, die sich f\u00fcr digitale Themen<br>interessieren oder durch ihr fachliches Wissen die T\u00e4tigkeit der IG<br>bereichern k\u00f6nnen. Auch wenn Sie Fragen zur Nutzung der Technik<br>haben, sind Sie bei uns ein gern gesehener Gast.<\/p>\n<p>Wir freuen uns auf Ihr Interesse, Sie sind herzlich eingeladen.<\/p>\n<h6>Letzte \u00c4nderung: 20.04.2024 T.Reuter<\/h6>\n<p><img loading=\"lazy\" class=\"alignleft\" src=\"https:\/\/senak.inf.tu-dresden.de\/wordpress\/wp-content\/uploads\/2023\/01\/image-1.png\" alt=\"Dieses Bild hat ein leeres Alt-Attribut. Der Dateiname ist image-1.png\" width=\"320\" height=\"188\"><img loading=\"lazy\" class=\"alignright\" src=\"https:\/\/senak.inf.tu-dresden.de\/wordpress\/wp-content\/uploads\/2023\/01\/image-2.png\" alt=\"Dieses Bild hat ein leeres Alt-Attribut. Der Dateiname ist image-2.png\" width=\"324\" height=\"189\"><\/p>\n<h4 style=\"text-align: right;\"><a href=\"https:\/\/senak.inf.tu-dresden.de\/wordpress\/?page_id=269\"><span style=\"color: #ff9900;\">zur\u00fcck nach oben<\/span><\/a><\/h4>\n\n\n<div class=\"wp-block-group\"><div class=\"wp-block-group__inner-container\">\n<div class=\"wp-block-columns\">\n<div class=\"wp-block-column\" style=\"flex-basis:100%\"><\/div>\n<\/div>\n<\/div><\/div>\n","protected":false},"excerpt":{"rendered":"<p>Interessengruppe\u2013Digitale Kommunikation IG-Leiter Vertreter Thomas ReuterWolfgang Hoffmann \ufeff IG-Zeiten In der Regel jeden 1. Dienstag im Monat (au\u00dfer August), bitte Semesterprogramm beachten. \ufeff Ort In der Regel im Medienkulturzentrum Dresden, Kraftwerk Mitte 3, 01067 Dresden, bitte Semesterprogramm beachten.Falls jemand nicht am Pr\u00e4senztreffen teilnehmen kann, bieten wir f\u00fcr auch die M\u00f6glichkeit \u00fcber eine Online-Plattform teilzunehmen. \ufeff [&hellip;]<\/p>\n","protected":false},"author":14,"featured_media":0,"parent":34,"menu_order":15,"comment_status":"closed","ping_status":"closed","template":"","meta":[],"_links":{"self":[{"href":"https:\/\/senak.inf.tu-dresden.de\/wordpress\/index.php?rest_route=\/wp\/v2\/pages\/269"}],"collection":[{"href":"https:\/\/senak.inf.tu-dresden.de\/wordpress\/index.php?rest_route=\/wp\/v2\/pages"}],"about":[{"href":"https:\/\/senak.inf.tu-dresden.de\/wordpress\/index.php?rest_route=\/wp\/v2\/types\/page"}],"author":[{"embeddable":true,"href":"https:\/\/senak.inf.tu-dresden.de\/wordpress\/index.php?rest_route=\/wp\/v2\/users\/14"}],"replies":[{"embeddable":true,"href":"https:\/\/senak.inf.tu-dresden.de\/wordpress\/index.php?rest_route=%2Fwp%2Fv2%2Fcomments&post=269"}],"version-history":[{"count":3,"href":"https:\/\/senak.inf.tu-dresden.de\/wordpress\/index.php?rest_route=\/wp\/v2\/pages\/269\/revisions"}],"predecessor-version":[{"id":31023,"href":"https:\/\/senak.inf.tu-dresden.de\/wordpress\/index.php?rest_route=\/wp\/v2\/pages\/269\/revisions\/31023"}],"up":[{"embeddable":true,"href":"https:\/\/senak.inf.tu-dresden.de\/wordpress\/index.php?rest_route=\/wp\/v2\/pages\/34"}],"wp:attachment":[{"href":"https:\/\/senak.inf.tu-dresden.de\/wordpress\/index.php?rest_route=%2Fwp%2Fv2%2Fmedia&parent=269"}],"curies":[{"name":"wp","href":"https:\/\/api.w.org\/{rel}","templated":true}]}}

<figure class="wp-block-table"><table><tbody><tr><td><strong>Interessengruppe–<br>Digitale Kommunikation</strong></td><td><strong>IG-Leiter</strong><br><strong> Vertreter</strong></td><td>Thomas Reuter<br>Wolfgang Hoffmann</td></tr><tr><td>﻿</td><td><strong>IG-Zeiten</strong></td><td>In der Regel jeden <strong>1. Dienstag im Monat </strong>(außer August), bitte Semesterprogramm beachten.</td></tr><tr><td>﻿</td><td><strong>Ort</strong></td><td>In der Regel<span class="has-inline-color has-black-color"> im </span><strong><span class="has-inline-color has-black-color">Medienkulturzentrum Dresden, Kraftwerk Mitte 3,</span> 01067 Dresden</strong>, bitte Semesterprogramm beachten.<br>Falls jemand nicht am Präsenztreffen teilnehmen kann, bieten wir für auch die Möglichkeit über eine Online-Plattform teilzunehmen.</td></tr><tr><td>﻿</td><td><strong>Inhalte</strong></td><td>Themen der digitalen Kommunikation und des digitalen Alltags für Senioren<br>Die IG soll den Mitgliedern ein Austauschforum zu digitalen Themen und den damit einhergehenden Herausforderungen für Senioren bieten.</td></tr><tr><td><strong>Kontakt</strong></td><td><strong>IG- Leiter&nbsp;&nbsp;&nbsp;&nbsp;&nbsp;&nbsp;&nbsp;&nbsp;&nbsp;&nbsp;&nbsp;&nbsp;&nbsp;&nbsp;&nbsp;&nbsp;&nbsp;&nbsp;&nbsp; Vertreter</strong></td><td><a href="mailto: reuter@dsa-senioren.de">Reuter@dsa-senioren.de</a> <br><a href="mailto:w.hoffmann@dsa-senioren.de">w.hoffmann@dsa-senioren.de</a></td></tr><tr><td><strong>Voraussetzung</strong></td><td>﻿</td><td>Teilnahme an Treffen mit gültigem Hörerausweis<br></td></tr><tr><td><strong>weitere Informationen</strong></td><td><strong>Themen</strong></td><td>Alle Themen aus dem erweiterten IT-Bereich sollten angesprochen werden<br>&#8211; Hinterfragung von IT- Zusammenhängen<br>&#8211; Vorstellung von Hardware-            und Softwarefunktionen<br>&#8211; Hintergründe und Funktionsprinzipien von IT-Lösungen<br>&#8211; Funktionsweisen von digitalen Lösungen vorrangig für den digitalen Alltag von Senioren<br>&#8211; Erklärung von Funktionsweisen digitaler Endgeräte (Smartphone, Tablet , Rechner, &#8230;)</td></tr><tr><td></td><td><strong>Teilnahme</strong></td><td>Neue Mitglieder sind jederzeit willkommen</td></tr></tbody></table></figure>



<p></p>



<div class="wp-block-columns">
<div class="wp-block-column"></div>



<div class="wp-block-column"></div>
</div>


<p></p>
<p><strong>Interessengruppe „Digitale Kommunikation“</strong></p>
<p>Heute ist ein Leben ohne neue Medien kaum vorstellbar. Viele ältere Menschen nutzen das Internet, um sich zu informieren, um einzukaufen oder um mit der weitverzweigten Familie, mit Freunden und Bekannten in Kontakt zu bleiben.<img loading="lazy" class="alignright" src="https://senak.inf.tu-dresden.de/wordpress/wp-content/uploads/2023/01/image.png" width="176" height="305"></p>
<p>Zugleich sorgen Meldungen über Datendiebstähle, Schadsoftware und Betrügereien durch fingierte E-Mails bei vielen Menschen für Verunsicherung. Bei aller berechtigten Vorsicht ist es wichtig, gerade ältere Menschen dabei zu unterstützen, die neuen Medien sicher und selbstbestimmt zu nutzen, damit auch sie von den vielen Möglichkeiten profitieren.</p>
<p>Der Inhalt unserer Treffen ist weit gefächert, jede Veranstaltung ist offen für alle Hörerinnen und Hörer der DSA und wird online&nbsp; übertragen.<br>In der Interessengruppe Digitale Kommunikation treffen sich monatlich kundige und interessierte Anwender von PC, Tablet oder Smartphone, die sich gegenseitig und mit geladenen Referenten zu speziellen Gebieten der Informationstechnik (IT) und des Internets austauschen und ihre Kenntnisse vertiefen wollen.<br>Dabei sehen wir uns auch als Kooperationspartner und Unterstützer des Teams Online der Dresdner Seniorenakademie, das sich sowohl mit den Themen des Digitalen Alltags für Senioren beschäftigt als auch Grundkenntnisse zum Umgang mit Smartphone und Tablet vermittelt.<br>Aktuelle Themen sind Sicherheit im Netz und Schutz vor Gefahren,&nbsp; Einführung in das Thema „Künstliche Intelligenz, Besuch von Ausstellungen zum Thema Informationstechnik, Computersicherheit usw.<br>Die genaue Planung für das laufende Semester entnehmen Sie bitte dem aktuellen Semesterprogramm.<br>Wir freuen uns auf neue Mitstreiter, die sich für digitale Themen<br>interessieren oder durch ihr fachliches Wissen die Tätigkeit der IG<br>bereichern können. Auch wenn Sie Fragen zur Nutzung der Technik<br>haben, sind Sie bei uns ein gern gesehener Gast.</p>
<p>Wir freuen uns auf Ihr Interesse, Sie sind herzlich eingeladen.</p>
<h6>Letzte Änderung: 20.04.2024 T.Reuter</h6>
<p><img loading="lazy" class="alignleft" src="https://senak.inf.tu-dresden.de/wordpress/wp-content/uploads/2023/01/image-1.png" alt="Dieses Bild hat ein leeres Alt-Attribut. Der Dateiname ist image-1.png" width="320" height="188"><img loading="lazy" class="alignright" src="https://senak.inf.tu-dresden.de/wordpress/wp-content/uploads/2023/01/image-2.png" alt="Dieses Bild hat ein leeres Alt-Attribut. Der Dateiname ist image-2.png" width="324" height="189"></p>
<h4 style="text-align: right;"><a href="https://senak.inf.tu-dresden.de/wordpress/?page_id=269"><span style="color: #ff9900;">zurück nach oben</span></a></h4>


<div class="wp-block-group"><div class="wp-block-group__inner-container">
<div class="wp-block-columns">
<div class="wp-block-column" style="flex-basis:100%"></div>
</div>
</div></div>

<p>Interessengruppe–Digitale Kommunikation IG-Leiter Vertreter Thomas ReuterWolfgang Hoffmann ﻿ IG-Zeiten In der Regel jeden 1. Dienstag im Monat (außer August), bitte Semesterprogramm beachten. ﻿ Ort In der Regel im Medienkulturzentrum Dresden, Kraftwerk Mitte 3, 01067 Dresden, bitte Semesterprogramm beachten.Falls jemand nicht am Präsenztreffen teilnehmen kann, bieten wir für auch die Möglichkeit über eine Online-Plattform teilzunehmen. ﻿ [&hellip;]</p>
