{"id":468,"date":"2012-02-26T19:44:45","date_gmt":"2012-02-26T18:44:45","guid":{"rendered":"https:\/\/senak.inf.tu-dresden.de\/wordpress\/?page_id=468"},"modified":"2026-04-28T12:11:27","modified_gmt":"2026-04-28T10:11:27","slug":"ig-videofilmen","status":"publish","type":"page","link":"https:\/\/senak.inf.tu-dresden.de\/wordpress\/?page_id=468","title":{"rendered":"Videofilmen"},"content":{"rendered":"\n<figure class=\"wp-block-table is-style-regular\"><table><thead><tr><td><strong>Interessengruppe<\/strong>&#8211;<br><strong>Videofilmen<\/strong><\/td><td><strong>IG-Leiter<\/strong><\/td><td class=\"has-text-align-left\" data-align=\"left\">Frau Janine Golia\u00df<br>Herr Sebastian Knappe<\/td><\/tr><\/thead><tbody><tr><td>\ufeff<\/td><td><strong>IG-Zeiten<\/strong><\/td><td class=\"has-text-align-left\" data-align=\"left\">10:00 \u2013 12:00 Uhr,<br>Wochentag wechselt, bitte nachfragen<\/td><\/tr><tr><td>\ufeff<\/td><td><strong>Ort<\/strong><\/td><td class=\"has-text-align-left\" data-align=\"left\">Medienkulturzentrum Dresden , im Kraftwerk Mitte Haus 3<\/td><\/tr><tr><td>\ufeff<\/td><td><strong>Inhalte<\/strong><\/td><td class=\"has-text-align-left\" data-align=\"left\">Gestaltung eigener Filme \u00fcber die Stadt Dresden<\/td><\/tr><tr><td><strong>Kontakt<\/strong><\/td><td><strong>IG- Leiter<\/strong><br><br><br><br><br><strong>Beauftragter<\/strong><\/td><td class=\"has-text-align-left\" data-align=\"left\">Frau Janine Golia\u00df<br><a rel=\"noreferrer noopener\" href=\"mailto:goliass@medienkulturzentrum.de\" data-type=\"mailto\" target=\"_blank\">goliass@medienkulturzentrum.de<\/a> <br>Herr Sebastian Knappe<br><a href=\"mailto:knappe@medienkulturzentrum.de\">knappe@medienkulturzentrum.de<\/a><br><br>Herr G\u00fcnter Kla\u00df<br><a rel=\"noreferrer noopener\" href=\"mailto:fam.klass@online.de\" target=\"_blank\">fam.klass@online.de<\/a><\/td><\/tr><tr><td><strong>Voraussetzung<\/strong><\/td><td>\ufeff<\/td><td class=\"has-text-align-left\" data-align=\"left\">Teilnahme an Treffen mit g\u00fcltigem H\u00f6rerausweis<\/td><\/tr><tr><td><strong>weitere Informationen<\/strong><\/td><td><\/td><td class=\"has-text-align-left\" data-align=\"left\"><\/td><\/tr><\/tbody><\/table><\/figure>\n\n\n<h2>IG Videofilmen<\/h2>\n<p>Moderne Amateur- Videokameras haben das Filmemachen f\u00fcr jedermann erm\u00f6glicht. Allerdings sind einige tiefere Kenntnisse w\u00fcnschenswert, um eine \u00fcberzeugende technische Qualit\u00e4t und eine interessante Gestaltung eines Videofilms zu erreichen.<\/p>\n<p>Im Medienkulturzentrum Dresden, Kraftwerk Mitte Haus 3, Heimst\u00e4tte der IG, stehen sowohl hochwertige technische Einrichtungen als auch sach- und fachkundige Mitarbeiter f\u00fcr die Unterst\u00fctzung der IG zur Verf\u00fcgung.<\/p>\n<p>Alle Mitglieder der Interessengruppe beteiligen sich am Entstehen der Projekte vom Drehbuch bis zum fertigen Film. Zur Zeit besch\u00e4ftigen wir uns mit der st\u00e4dtebaulichen Geschichte Dresdens, insbesondere der kulturhistorischen Pl\u00e4tze.<\/p>\n<p>Es entstanden Filme \u00fcber den Neumarkt, den Altmarkt, den Theaterplatz und den Schlossplatz. Aktuell bereiten wir einen Film \u00fcber den Postplatz vor.<\/p>\n<h6><em>Stand: 10.09.2025<\/em><\/h6>\n<h4 style=\"text-align: right;\"><a href=\"https:\/\/senak.inf.tu-dresden.de\/wordpress\/?page_id=468\"><span style=\"color: #ff9900;\">zur\u00fcck nach oben<\/span><\/a><\/h4>","protected":false},"excerpt":{"rendered":"<p>Interessengruppe&#8211;Videofilmen IG-Leiter Frau Janine Golia\u00dfHerr Sebastian Knappe \ufeff IG-Zeiten 10:00 \u2013 12:00 Uhr,Wochentag wechselt, bitte nachfragen \ufeff Ort Medienkulturzentrum Dresden , im Kraftwerk Mitte Haus 3 \ufeff Inhalte Gestaltung eigener Filme \u00fcber die Stadt Dresden Kontakt IG- Leiter Beauftragter Frau Janine Golia\u00dfgoliass@medienkulturzentrum.de Herr Sebastian Knappeknappe@medienkulturzentrum.de Herr G\u00fcnter Kla\u00dffam.klass@online.de Voraussetzung \ufeff Teilnahme an Treffen mit g\u00fcltigem [&hellip;]<\/p>\n","protected":false},"author":8,"featured_media":0,"parent":34,"menu_order":40,"comment_status":"open","ping_status":"open","template":"","meta":[],"_links":{"self":[{"href":"https:\/\/senak.inf.tu-dresden.de\/wordpress\/index.php?rest_route=\/wp\/v2\/pages\/468"}],"collection":[{"href":"https:\/\/senak.inf.tu-dresden.de\/wordpress\/index.php?rest_route=\/wp\/v2\/pages"}],"about":[{"href":"https:\/\/senak.inf.tu-dresden.de\/wordpress\/index.php?rest_route=\/wp\/v2\/types\/page"}],"author":[{"embeddable":true,"href":"https:\/\/senak.inf.tu-dresden.de\/wordpress\/index.php?rest_route=\/wp\/v2\/users\/8"}],"replies":[{"embeddable":true,"href":"https:\/\/senak.inf.tu-dresden.de\/wordpress\/index.php?rest_route=%2Fwp%2Fv2%2Fcomments&post=468"}],"version-history":[{"count":3,"href":"https:\/\/senak.inf.tu-dresden.de\/wordpress\/index.php?rest_route=\/wp\/v2\/pages\/468\/revisions"}],"predecessor-version":[{"id":31499,"href":"https:\/\/senak.inf.tu-dresden.de\/wordpress\/index.php?rest_route=\/wp\/v2\/pages\/468\/revisions\/31499"}],"up":[{"embeddable":true,"href":"https:\/\/senak.inf.tu-dresden.de\/wordpress\/index.php?rest_route=\/wp\/v2\/pages\/34"}],"wp:attachment":[{"href":"https:\/\/senak.inf.tu-dresden.de\/wordpress\/index.php?rest_route=%2Fwp%2Fv2%2Fmedia&parent=468"}],"curies":[{"name":"wp","href":"https:\/\/api.w.org\/{rel}","templated":true}]}}

<figure class="wp-block-table is-style-regular"><table><thead><tr><td><strong>Interessengruppe</strong>&#8211;<br><strong>Videofilmen</strong></td><td><strong>IG-Leiter</strong></td><td class="has-text-align-left" data-align="left">Frau Janine Goliaß<br>Herr Sebastian Knappe</td></tr></thead><tbody><tr><td>﻿</td><td><strong>IG-Zeiten</strong></td><td class="has-text-align-left" data-align="left">10:00 – 12:00 Uhr,<br>Wochentag wechselt, bitte nachfragen</td></tr><tr><td>﻿</td><td><strong>Ort</strong></td><td class="has-text-align-left" data-align="left">Medienkulturzentrum Dresden , im Kraftwerk Mitte Haus 3</td></tr><tr><td>﻿</td><td><strong>Inhalte</strong></td><td class="has-text-align-left" data-align="left">Gestaltung eigener Filme über die Stadt Dresden</td></tr><tr><td><strong>Kontakt</strong></td><td><strong>IG- Leiter</strong><br><br><br><br><br><strong>Beauftragter</strong></td><td class="has-text-align-left" data-align="left">Frau Janine Goliaß<br><a rel="noreferrer noopener" href="mailto:goliass@medienkulturzentrum.de" data-type="mailto" target="_blank">goliass@medienkulturzentrum.de</a> <br>Herr Sebastian Knappe<br><a href="mailto:knappe@medienkulturzentrum.de">knappe@medienkulturzentrum.de</a><br><br>Herr Günter Klaß<br><a rel="noreferrer noopener" href="mailto:fam.klass@online.de" target="_blank">fam.klass@online.de</a></td></tr><tr><td><strong>Voraussetzung</strong></td><td>﻿</td><td class="has-text-align-left" data-align="left">Teilnahme an Treffen mit gültigem Hörerausweis</td></tr><tr><td><strong>weitere Informationen</strong></td><td></td><td class="has-text-align-left" data-align="left"></td></tr></tbody></table></figure>


<h2>IG Videofilmen</h2>
<p>Moderne Amateur- Videokameras haben das Filmemachen für jedermann ermöglicht. Allerdings sind einige tiefere Kenntnisse wünschenswert, um eine überzeugende technische Qualität und eine interessante Gestaltung eines Videofilms zu erreichen.</p>
<p>Im Medienkulturzentrum Dresden, Kraftwerk Mitte Haus 3, Heimstätte der IG, stehen sowohl hochwertige technische Einrichtungen als auch sach- und fachkundige Mitarbeiter für die Unterstützung der IG zur Verfügung.</p>
<p>Alle Mitglieder der Interessengruppe beteiligen sich am Entstehen der Projekte vom Drehbuch bis zum fertigen Film. Zur Zeit beschäftigen wir uns mit der städtebaulichen Geschichte Dresdens, insbesondere der kulturhistorischen Plätze.</p>
<p>Es entstanden Filme über den Neumarkt, den Altmarkt, den Theaterplatz und den Schlossplatz. Aktuell bereiten wir einen Film über den Postplatz vor.</p>
<h6><em>Stand: 10.09.2025</em></h6>
<h4 style="text-align: right;"><a href="https://senak.inf.tu-dresden.de/wordpress/?page_id=468"><span style="color: #ff9900;">zurück nach oben</span></a></h4>

<p>Interessengruppe&#8211;Videofilmen IG-Leiter Frau Janine GoliaßHerr Sebastian Knappe ﻿ IG-Zeiten 10:00 – 12:00 Uhr,Wochentag wechselt, bitte nachfragen ﻿ Ort Medienkulturzentrum Dresden , im Kraftwerk Mitte Haus 3 ﻿ Inhalte Gestaltung eigener Filme über die Stadt Dresden Kontakt IG- Leiter Beauftragter Frau Janine Goliaßgoliass@medienkulturzentrum.de Herr Sebastian Knappeknappe@medienkulturzentrum.de Herr Günter Klaßfam.klass@online.de Voraussetzung ﻿ Teilnahme an Treffen mit gültigem [&hellip;]</p>
