{"id":517,"date":"2012-02-27T00:30:59","date_gmt":"2012-02-26T23:30:59","guid":{"rendered":"https:\/\/senak.inf.tu-dresden.de\/wordpress\/?page_id=517"},"modified":"2025-10-22T21:01:54","modified_gmt":"2025-10-22T19:01:54","slug":"ig-schreibwerkstatt","status":"publish","type":"page","link":"https:\/\/senak.inf.tu-dresden.de\/wordpress\/?page_id=517","title":{"rendered":"Schreibwerkstatt Silberfedern"},"content":{"rendered":"\n<figure class=\"wp-block-table\"><table><thead><tr><td><strong>Interessengruppe<\/strong>&#8211;<br><strong>Schreibwerkstatt<\/strong><\/td><td><strong>IG-Leiter<\/strong><\/td><td>Dr. G\u00fcnter Gie\u00dfler<\/td><\/tr><\/thead><tbody><tr><td>\ufeff<\/td><td><strong>IG-Zeiten<\/strong><\/td><td>Jeden zweiten und vierten Dienstag im Monat, 15.45 bis 18.00 Uhr<\/td><\/tr><tr><td>\ufeff<\/td><td><strong>Ort<\/strong><\/td><td>Erziehungswissenschaftliche Bibliothek der TU Dresden, August-Bebel-Str. 18, 01219 Dresden, Raum T3<\/td><\/tr><tr><td>\ufeff<\/td><td><strong>Inhalte<\/strong><\/td><td><ul><li>Lesung selbst verfasster Manuskripte belletristischer Texte (Lyrik, Prosa und Dramatik in Ausschnitten, in der Regel keine nicht literarischen Sachtexte)<\/li>   <li>Reflektion des Gelesenen mit Vorschl\u00e4gen und Fragen zum weiteren Schreiben;<\/li>   <li>Diskussion von Grundfragen des kreativen Schreibens (Literaturtheorie, Gattungs- und Genretheorie, Literaturgeschichte);<\/li>   <li>Schreib\u00fcbungen, Diskussion von aktuellen Trends in Kunst und Literatur, Kultur.<\/li><\/ul><\/td><\/tr><tr><td><strong>Kontakt<\/strong><\/td><td><\/td><td><a href=\"hartmutheinrichroth@gmx.de\"><\/a><a href=\"mailto:hartmutheinrichroth@gmx.de\">hartmutheinrichroth@gmx.de<\/a><br><a href=\"mailto:h.roth@dsa-senioren.de\">h.roth@dsa-senioren.de<\/a><\/td><\/tr><tr><td><strong>Voraussetzung<\/strong><\/td><td>\ufeff<\/td><td>Produktion und Pr\u00e4sentation eigener Ergebnisse kreativen Schreibens,<br>aktive Teilnahme an den Treffen (Voraussetzung: g\u00fcltiger Mitgliedsausweis der Seniorenakademie)<br>Hinweis: eine einmalige Teilnahme als Gast an einem Treffen ist m\u00f6glich und erw\u00fcnscht!<br><\/td><\/tr><tr><td><strong>weitere Informationen<\/strong><\/td><td><\/td><td>Die Schreibwerkstatt strebt eine inhaltliche Vernetzung mit anderen IG der Seniorenakademie an und ist am Kontakt mit \u00e4hnlichen Gruppen au\u00dferhalb der Akademie interessiert. Die Werkstatt ist offen f\u00fcr neue Ideen (z.B.: Autoren lesen ihre Texte im Tonstudio ein und konservieren ihren Text mit ihrer Stimme)<\/td><\/tr><\/tbody><\/table><\/figure>\n\n\n\n<div class=\"wp-block-group\"><div class=\"wp-block-group__inner-container\">\n<h3><em><span style=\"color: #0000ff;\"><strong>Aktuell: Lesung unserer Schreibwerkstatt &#8222;Lebensbilder &#8211; ein halbes Jahrhundert dazwischen&#8220; und Ausstellungser\u00f6ffnung &#8222;Bunt und verkleidet&#8220;<\/strong><\/span><\/em><\/h3>\n<p><a href=\"https:\/\/senak.inf.tu-dresden.de\/wordpress\/wp-content\/uploads\/2025\/09\/IGMalerSchreib2.jpg\"><img loading=\"lazy\" class=\"alignnone size-medium wp-image-30942\" src=\"https:\/\/senak.inf.tu-dresden.de\/wordpress\/wp-content\/uploads\/2025\/09\/IGMalerSchreib2-221x300.jpg\" alt=\"\" width=\"221\" height=\"300\" srcset=\"https:\/\/senak.inf.tu-dresden.de\/wordpress\/wp-content\/uploads\/2025\/09\/IGMalerSchreib2-221x300.jpg 221w, https:\/\/senak.inf.tu-dresden.de\/wordpress\/wp-content\/uploads\/2025\/09\/IGMalerSchreib2.jpg 442w\" sizes=\"(max-width: 221px) 100vw, 221px\" \/><\/a><\/p>\n<div id=\"meta-origin\" data-coolorigin=\"http%3A%2F%2F100.64.37.52%3A9980%2Fcool%2Fclipboard%3FWOPISrc%3Dhttps%253A%252F%252Fstorage-adapter-gmxnet-live.popp.be-prod-eu.poinfra.server.lan%252Fonline-office%252Fwopi%252Fsd%252Ffiles%252F1553098212926035488%26ServerId%3Dec03d56f%26ViewId%3D0%26Tag%3Dabbc7736cde55c98\">\n<h4 class=\"western\"><span style=\"font-size: x-large;\"><b>Die Lesung mit Ausstellung in der Bibliothek<\/b><\/span><\/h4>\n<\/div>\n<p>Jung und Alt miteinander vereint<br \/>ein halbes Jahrhundert dazwischen<br \/>Im Halbrund ein achtsames Schweigen<br \/>voller Verst\u00e4ndnis und Verstand<\/p>\n<p>Bilder schweben \u00fcber den B\u00fccherregalen<br \/>verlaufende Farben\u00a0 h\u00fcllen Motive aus Mosaiken<br \/>Gef\u00fchle mit dem Pinsel, gerahmt<\/p>\n<p>Autoren lesen im Wechsel<br \/>Gef\u00fchle in Worte gekleidet<\/p>\n<p>die Gereiften mit geb\u00fcndelten Erfahrungen<br \/>gesammelt und gesammelt<br \/>immer noch fragend<\/p>\n<p>die Jungen am Wegsanfang<br \/>z\u00fcgig vorgetragen, rasant wie die Zeit<br \/>sich findend, nach Sicherheiten<br \/>suchend<\/p>\n<p>Wer kennt die Antworten in einer sich wandelnden Zeit<br \/>schneller und schneller<br \/>Zerrbildern trauen?<br \/>Welche Metapher taugen?<\/p>\n<p>Und immer wieder das ICH<br \/>Weshalb bin ich, wie ich bin<br \/>bin ich so geworden<br \/>wie m\u00f6chte ich sein?<\/p>\n<div id=\"meta-origin\" data-coolorigin=\"http%3A%2F%2F100.64.37.52%3A9980%2Fcool%2Fclipboard%3FWOPISrc%3Dhttps%253A%252F%252Fstorage-adapter-gmxnet-live.popp.be-prod-eu.poinfra.server.lan%252Fonline-office%252Fwopi%252Fsd%252Ffiles%252F1553098212926035488%26ServerId%3Dec03d56f%26ViewId%3D0%26Tag%3D1ac9e4065076aadd\">\n<p class=\"western\">Das ICH finden<br \/>in diesen kostbaren Momenten des<br \/>Zuh\u00f6rens,<br \/>ein Blick in den Augenblick der anderen<br \/>w\u00e4rmende Momente der Verbundenheit<\/p>\n<\/div>\n<p>Christine Kiosze &#8211; IG Schreibwerkstatt &#8211; September 2025<\/p>\n<\/div><\/div>\n\n\n\n<div class=\"wp-block-group\"><div class=\"wp-block-group__inner-container\">\n<p><\/p>\n<\/div><\/div>\n\n\n\n<figure class=\"wp-block-image size-large is-resized\"><a href=\"https:\/\/senak.inf.tu-dresden.de\/wordpress\/wp-content\/uploads\/2025\/09\/IGMalerSchreib-scaled.jpg\"><img loading=\"lazy\" src=\"https:\/\/senak.inf.tu-dresden.de\/wordpress\/wp-content\/uploads\/2025\/09\/IGMalerSchreib-1024x577.jpg\" alt=\"\" class=\"wp-image-30941\" width=\"643\" height=\"360\"\/><\/a><\/figure>\n\n\n\n<hr class=\"wp-block-separator\"\/>\n\n\n\n<p><strong>Zur Arbeit der Schreibwerkstatt:<\/strong><\/p>\n\n\n\n<p><em><strong>\u201eDie einzige Freude auf der Welt ist das Anfangen. Es ist sch\u00f6n zu leben, weil Leben anfangen ist, immer in jedem Augenblick.\u201c &nbsp; &nbsp; &nbsp; &nbsp; &nbsp; &nbsp; &nbsp;&nbsp; &nbsp;<\/strong><\/em> (Cesare Pavese)<\/p>\n\n\n\n<p>\u00c4lteren traut man etwas Neues, Originelles nicht mehr zu. Wir wollen das Gegenteil beweisen und lustvoll auf der Grundlage unserer Lebenserfahrung und unserer Phantasie das Handwerk des Schreibens praktizieren und uns \u00fcber die Texte austauschen.<br>Sie haben Lust am Schreiben und m\u00f6chten sich mit Gleichgesinnten austauschen. Sie m\u00f6chten Hinweise bekommen, wie man spannende und poetische Texte baut. Sie haben vielleicht das Ziel, Ihre Texte zu ver\u00f6ffentlichen und handwerkliche Tipps zu bekommen, um Ihre Schreibf\u00e4higkeiten zu verbessern? Dann sind Sie in unserem Kurs herzlich willkommen.<\/p>\n\n\n\n<p><strong>Bisherige Anthologien:<\/strong><\/p>\n\n\n\n<ul><li>\u201eHerbsttage\u201c (2000)<\/li><li>\u201eDialog mit einer blauen Katze\u201c (2009)&nbsp;<\/li><li>Aber die Weide am Brunnen gr\u00fcnt (2019 \u2013 gemeinsam mit der IG Malen und Zeichnen der Dresdner Seniorenakademie)&nbsp;&nbsp;&nbsp;&nbsp;<\/li><\/ul>\n\n\n\n<p><strong>Leitung:&nbsp;<\/strong><\/p>\n\n\n\n<p>Der Leiter Dr. G\u00fcnter Gie\u00dfler (geb.1954) ist Lehrer und Autor. Er hat am Literaturinstitut Leipzig gelehrt und arbeitet als Lehrer f\u00fcr Literatur und kreatives Schreiben an einem beruflichen Gymnasium in Dresden. Zudem bringt er zahleiche Erfahrungen als Seminarleiter f\u00fcr literarisches Schreiben, u.a. an der Bundesakademie f\u00fcr kulturelle Bildung, verschiedenen Goetheinstituten und Heimvolkshochschulen mit.<\/p>\n\n\n\n<p><em><code>aktualisiert am 23.10.2024<\/code><\/em><\/p>\n\n\n\n<p><a href=\"https:\/\/senak.inf.tu-dresden.de\/wordpress\/?page_id=517\">zur\u00fcck nach oben<\/a><\/p>\n","protected":false},"excerpt":{"rendered":"<p>Interessengruppe&#8211;Schreibwerkstatt IG-Leiter Dr. G\u00fcnter Gie\u00dfler \ufeff IG-Zeiten Jeden zweiten und vierten Dienstag im Monat, 15.45 bis 18.00 Uhr \ufeff Ort Erziehungswissenschaftliche Bibliothek der TU Dresden, August-Bebel-Str. 18, 01219 Dresden, Raum T3 \ufeff Inhalte Lesung selbst verfasster Manuskripte belletristischer Texte (Lyrik, Prosa und Dramatik in Ausschnitten, in der Regel keine nicht literarischen Sachtexte) Reflektion des Gelesenen [&hellip;]<\/p>\n","protected":false},"author":8,"featured_media":0,"parent":34,"menu_order":30,"comment_status":"open","ping_status":"open","template":"","meta":[],"_links":{"self":[{"href":"https:\/\/senak.inf.tu-dresden.de\/wordpress\/index.php?rest_route=\/wp\/v2\/pages\/517"}],"collection":[{"href":"https:\/\/senak.inf.tu-dresden.de\/wordpress\/index.php?rest_route=\/wp\/v2\/pages"}],"about":[{"href":"https:\/\/senak.inf.tu-dresden.de\/wordpress\/index.php?rest_route=\/wp\/v2\/types\/page"}],"author":[{"embeddable":true,"href":"https:\/\/senak.inf.tu-dresden.de\/wordpress\/index.php?rest_route=\/wp\/v2\/users\/8"}],"replies":[{"embeddable":true,"href":"https:\/\/senak.inf.tu-dresden.de\/wordpress\/index.php?rest_route=%2Fwp%2Fv2%2Fcomments&post=517"}],"version-history":[{"count":3,"href":"https:\/\/senak.inf.tu-dresden.de\/wordpress\/index.php?rest_route=\/wp\/v2\/pages\/517\/revisions"}],"predecessor-version":[{"id":31031,"href":"https:\/\/senak.inf.tu-dresden.de\/wordpress\/index.php?rest_route=\/wp\/v2\/pages\/517\/revisions\/31031"}],"up":[{"embeddable":true,"href":"https:\/\/senak.inf.tu-dresden.de\/wordpress\/index.php?rest_route=\/wp\/v2\/pages\/34"}],"wp:attachment":[{"href":"https:\/\/senak.inf.tu-dresden.de\/wordpress\/index.php?rest_route=%2Fwp%2Fv2%2Fmedia&parent=517"}],"curies":[{"name":"wp","href":"https:\/\/api.w.org\/{rel}","templated":true}]}}

<figure class="wp-block-table"><table><thead><tr><td><strong>Interessengruppe</strong>&#8211;<br><strong>Schreibwerkstatt</strong></td><td><strong>IG-Leiter</strong></td><td>Dr. Günter Gießler</td></tr></thead><tbody><tr><td>﻿</td><td><strong>IG-Zeiten</strong></td><td>Jeden zweiten und vierten Dienstag im Monat, 15.45 bis 18.00 Uhr</td></tr><tr><td>﻿</td><td><strong>Ort</strong></td><td>Erziehungswissenschaftliche Bibliothek der TU Dresden, August-Bebel-Str. 18, 01219 Dresden, Raum T3</td></tr><tr><td>﻿</td><td><strong>Inhalte</strong></td><td><ul><li>Lesung selbst verfasster Manuskripte belletristischer Texte (Lyrik, Prosa und Dramatik in Ausschnitten, in der Regel keine nicht literarischen Sachtexte)</li>   <li>Reflektion des Gelesenen mit Vorschlägen und Fragen zum weiteren Schreiben;</li>   <li>Diskussion von Grundfragen des kreativen Schreibens (Literaturtheorie, Gattungs- und Genretheorie, Literaturgeschichte);</li>   <li>Schreibübungen, Diskussion von aktuellen Trends in Kunst und Literatur, Kultur.</li></ul></td></tr><tr><td><strong>Kontakt</strong></td><td></td><td><a href="hartmutheinrichroth@gmx.de"></a><a href="mailto:hartmutheinrichroth@gmx.de">hartmutheinrichroth@gmx.de</a><br><a href="mailto:h.roth@dsa-senioren.de">h.roth@dsa-senioren.de</a></td></tr><tr><td><strong>Voraussetzung</strong></td><td>﻿</td><td>Produktion und Präsentation eigener Ergebnisse kreativen Schreibens,<br>aktive Teilnahme an den Treffen (Voraussetzung: gültiger Mitgliedsausweis der Seniorenakademie)<br>Hinweis: eine einmalige Teilnahme als Gast an einem Treffen ist möglich und erwünscht!<br></td></tr><tr><td><strong>weitere Informationen</strong></td><td></td><td>Die Schreibwerkstatt strebt eine inhaltliche Vernetzung mit anderen IG der Seniorenakademie an und ist am Kontakt mit ähnlichen Gruppen außerhalb der Akademie interessiert. Die Werkstatt ist offen für neue Ideen (z.B.: Autoren lesen ihre Texte im Tonstudio ein und konservieren ihren Text mit ihrer Stimme)</td></tr></tbody></table></figure>



<div class="wp-block-group"><div class="wp-block-group__inner-container">
<h3><em><span style="color: #0000ff;"><strong>Aktuell: Lesung unserer Schreibwerkstatt &#8222;Lebensbilder &#8211; ein halbes Jahrhundert dazwischen&#8220; und Ausstellungseröffnung &#8222;Bunt und verkleidet&#8220;</strong></span></em></h3>
<p><a href="https://senak.inf.tu-dresden.de/wordpress/wp-content/uploads/2025/09/IGMalerSchreib2.jpg"><img loading="lazy" class="alignnone size-medium wp-image-30942" src="https://senak.inf.tu-dresden.de/wordpress/wp-content/uploads/2025/09/IGMalerSchreib2-221x300.jpg" alt="" width="221" height="300" srcset="https://senak.inf.tu-dresden.de/wordpress/wp-content/uploads/2025/09/IGMalerSchreib2-221x300.jpg 221w, https://senak.inf.tu-dresden.de/wordpress/wp-content/uploads/2025/09/IGMalerSchreib2.jpg 442w" sizes="(max-width: 221px) 100vw, 221px" /></a></p>
<div id="meta-origin" data-coolorigin="http%3A%2F%2F100.64.37.52%3A9980%2Fcool%2Fclipboard%3FWOPISrc%3Dhttps%253A%252F%252Fstorage-adapter-gmxnet-live.popp.be-prod-eu.poinfra.server.lan%252Fonline-office%252Fwopi%252Fsd%252Ffiles%252F1553098212926035488%26ServerId%3Dec03d56f%26ViewId%3D0%26Tag%3Dabbc7736cde55c98">
<h4 class="western"><span style="font-size: x-large;"><b>Die Lesung mit Ausstellung in der Bibliothek</b></span></h4>
</div>
<p>Jung und Alt miteinander vereint<br />ein halbes Jahrhundert dazwischen<br />Im Halbrund ein achtsames Schweigen<br />voller Verständnis und Verstand</p>
<p>Bilder schweben über den Bücherregalen<br />verlaufende Farben  hüllen Motive aus Mosaiken<br />Gefühle mit dem Pinsel, gerahmt</p>
<p>Autoren lesen im Wechsel<br />Gefühle in Worte gekleidet</p>
<p>die Gereiften mit gebündelten Erfahrungen<br />gesammelt und gesammelt<br />immer noch fragend</p>
<p>die Jungen am Wegsanfang<br />zügig vorgetragen, rasant wie die Zeit<br />sich findend, nach Sicherheiten<br />suchend</p>
<p>Wer kennt die Antworten in einer sich wandelnden Zeit<br />schneller und schneller<br />Zerrbildern trauen?<br />Welche Metapher taugen?</p>
<p>Und immer wieder das ICH<br />Weshalb bin ich, wie ich bin<br />bin ich so geworden<br />wie möchte ich sein?</p>
<div id="meta-origin" data-coolorigin="http%3A%2F%2F100.64.37.52%3A9980%2Fcool%2Fclipboard%3FWOPISrc%3Dhttps%253A%252F%252Fstorage-adapter-gmxnet-live.popp.be-prod-eu.poinfra.server.lan%252Fonline-office%252Fwopi%252Fsd%252Ffiles%252F1553098212926035488%26ServerId%3Dec03d56f%26ViewId%3D0%26Tag%3D1ac9e4065076aadd">
<p class="western">Das ICH finden<br />in diesen kostbaren Momenten des<br />Zuhörens,<br />ein Blick in den Augenblick der anderen<br />wärmende Momente der Verbundenheit</p>
</div>
<p>Christine Kiosze &#8211; IG Schreibwerkstatt &#8211; September 2025</p>
</div></div>



<div class="wp-block-group"><div class="wp-block-group__inner-container">
<p></p>
</div></div>



<figure class="wp-block-image size-large is-resized"><a href="https://senak.inf.tu-dresden.de/wordpress/wp-content/uploads/2025/09/IGMalerSchreib-scaled.jpg"><img loading="lazy" src="https://senak.inf.tu-dresden.de/wordpress/wp-content/uploads/2025/09/IGMalerSchreib-1024x577.jpg" alt="" class="wp-image-30941" width="643" height="360"/></a></figure>



<hr class="wp-block-separator"/>



<p><strong>Zur Arbeit der Schreibwerkstatt:</strong></p>



<p><em><strong>„Die einzige Freude auf der Welt ist das Anfangen. Es ist schön zu leben, weil Leben anfangen ist, immer in jedem Augenblick.“ &nbsp; &nbsp; &nbsp; &nbsp; &nbsp; &nbsp; &nbsp;&nbsp; &nbsp;</strong></em> (Cesare Pavese)</p>



<p>Älteren traut man etwas Neues, Originelles nicht mehr zu. Wir wollen das Gegenteil beweisen und lustvoll auf der Grundlage unserer Lebenserfahrung und unserer Phantasie das Handwerk des Schreibens praktizieren und uns über die Texte austauschen.<br>Sie haben Lust am Schreiben und möchten sich mit Gleichgesinnten austauschen. Sie möchten Hinweise bekommen, wie man spannende und poetische Texte baut. Sie haben vielleicht das Ziel, Ihre Texte zu veröffentlichen und handwerkliche Tipps zu bekommen, um Ihre Schreibfähigkeiten zu verbessern? Dann sind Sie in unserem Kurs herzlich willkommen.</p>



<p><strong>Bisherige Anthologien:</strong></p>



<ul><li>„Herbsttage“ (2000)</li><li>„Dialog mit einer blauen Katze“ (2009)&nbsp;</li><li>Aber die Weide am Brunnen grünt (2019 – gemeinsam mit der IG Malen und Zeichnen der Dresdner Seniorenakademie)&nbsp;&nbsp;&nbsp;&nbsp;</li></ul>



<p><strong>Leitung:&nbsp;</strong></p>



<p>Der Leiter Dr. Günter Gießler (geb.1954) ist Lehrer und Autor. Er hat am Literaturinstitut Leipzig gelehrt und arbeitet als Lehrer für Literatur und kreatives Schreiben an einem beruflichen Gymnasium in Dresden. Zudem bringt er zahleiche Erfahrungen als Seminarleiter für literarisches Schreiben, u.a. an der Bundesakademie für kulturelle Bildung, verschiedenen Goetheinstituten und Heimvolkshochschulen mit.</p>



<p><em><code>aktualisiert am 23.10.2024</code></em></p>



<p><a href="https://senak.inf.tu-dresden.de/wordpress/?page_id=517">zurück nach oben</a></p>

<p>Interessengruppe&#8211;Schreibwerkstatt IG-Leiter Dr. Günter Gießler ﻿ IG-Zeiten Jeden zweiten und vierten Dienstag im Monat, 15.45 bis 18.00 Uhr ﻿ Ort Erziehungswissenschaftliche Bibliothek der TU Dresden, August-Bebel-Str. 18, 01219 Dresden, Raum T3 ﻿ Inhalte Lesung selbst verfasster Manuskripte belletristischer Texte (Lyrik, Prosa und Dramatik in Ausschnitten, in der Regel keine nicht literarischen Sachtexte) Reflektion des Gelesenen [&hellip;]</p>
