{"id":617,"date":"2012-02-27T21:52:32","date_gmt":"2012-02-27T20:52:32","guid":{"rendered":"https:\/\/senak.inf.tu-dresden.de\/wordpress\/?page_id=617"},"modified":"2023-11-14T12:11:56","modified_gmt":"2023-11-14T11:11:56","slug":"der-beirat","status":"publish","type":"page","link":"https:\/\/senak.inf.tu-dresden.de\/wordpress\/?page_id=617","title":{"rendered":"Beirat"},"content":{"rendered":"<h2><span style=\"color: #000000;\">&#8230;der Dresdner Seniorenakademie Wissenschaft und Kunst<\/span><\/h2>\n<p>Der Beirat hat die Aufgabe, den Vorstand bei der Gestaltung des Bildungsprogrammes zu beraten und zu unterst\u00fctzen. Die Vorsitzende des Beirates ist Frau Dr. Cornelia H\u00e4hne, Dezernentin an der Technischen Universit\u00e4t Dresden.<\/p>\n<p>Dem Beirat geh\u00f6ren an der Vorstandsvorsitzende und der Finanzvorstand des F\u00f6rdervereins der DSA,\u00a0 sowie Vertreter folgender Einrichtungen<\/p>\n<ul>\n<li>Technische Universit\u00e4t Dresden<\/li>\n<li>Deutsches Hygiene-Museum Dresden<\/li>\n<li>Hochschule f\u00fcr Musik Carl Maria von Weber Dresden<\/li>\n<li>Hochschule f\u00fcr bildende K\u00fcnste Dresden<\/li>\n<li>Staatliche Kunstsammlungen Dresden<\/li>\n<li>Museen der Stadt Dresden<\/li>\n<li>Landesamt f\u00fcr Arch\u00e4ologie mit Landesmuseum f\u00fcr Vorgeschichte Sachsens<\/li>\n<li>S\u00e4chsische Landesbibliothek \u2013 Staats \u2013 und Universit\u00e4tsbibliothek Dresden<\/li>\n<\/ul>\n<p>Die T\u00e4tigkeit der Beiratsmitglieder ist ehrenamtlich. Der Vorstand der Seniorenakademie hat den Beirat regelm\u00e4\u00dfig einmal im Jahr \u00fcber seine T\u00e4tigkeit zu unterrichten.<\/p>\n<h2>\u2026 zur Geschichte<\/h2>\n<p>Mit \u00a0der Gr\u00fcndung des Vereins \u201eFreunde und F\u00f6rderer der Dresdner Seniorenakademie Wissenschaft und Kunst e. V.\u201c im Fr\u00fchjahr 1995 bestand die Aufgabe der Sicherung der Qualit\u00e4t des Bildungsprogrammes. Es entstand die Idee eines wissenschaftlichen Beirates, der als ein Organ des F\u00f6rdervereins beraten sollte. In diesem wissenschaftlichen Beirat sind die wichtigsten Partner zum Bildungsprogramm der Dresdner Seniorenakademie vertreten.<\/p>\n<p>Eigentlich bestand der Beirat schon vor der Vereinsgr\u00fcndung. In ihm wurden die ersten Ideen zu Arbeitsweise und Programm entwickelt und die Realisierung auf den Weg gebracht. So war es logische Folge, dass der wissenschaftliche Beirat als Organ des F\u00f6rdervereins in das Statut aufgenommen wurde. Laut Statut ber\u00e4t er den Vorstand, kann zum Jahresarbeitsprogramm, zum Haushaltsplan, zum Rechenschaftsbericht und zum Jahresfinanzbericht des Vorstandes Stellung nehmen, ber\u00e4t \u00fcber die Verwendung der aus der Einschreibung f\u00fcr die Dresdner Seniorenakademie Wissenschaft und Kunst erzielten Einnahmen und w\u00e4hlt den Pr\u00e4sidenten der Dresdner Seniorenakademie Wissenschaft und Kunst.<\/p>\n<p>Der Beirat bildet, neben der Aufgabe, die Qualit\u00e4t des Bildungsangebot zu sichern, auch eine ideelle Klammer, um die an der DSA beteiligten vielen wissenschaftlichen und kulturellen Institutionen zusammenzuhalten.<\/p>\n<h4 style=\"text-align: right;\"><a href=\"https:\/\/senak.inf.tu-dresden.de\/wordpress\/?page_id=617\"><span style=\"color: #ff9900;\">zur\u00fcck nach oben<\/span><\/a><\/h4>\n","protected":false},"excerpt":{"rendered":"<p>&#8230;der Dresdner Seniorenakademie Wissenschaft und Kunst Der Beirat hat die Aufgabe, den Vorstand bei der Gestaltung des Bildungsprogrammes zu beraten und zu unterst\u00fctzen. Die Vorsitzende des Beirates ist Frau Dr. Cornelia H\u00e4hne, Dezernentin an der Technischen Universit\u00e4t Dresden. Dem Beirat geh\u00f6ren an der Vorstandsvorsitzende und der Finanzvorstand des F\u00f6rdervereins der DSA,\u00a0 sowie Vertreter folgender Einrichtungen [&hellip;]<\/p>\n","protected":false},"author":8,"featured_media":0,"parent":1104,"menu_order":3,"comment_status":"open","ping_status":"open","template":"","meta":[],"_links":{"self":[{"href":"https:\/\/senak.inf.tu-dresden.de\/wordpress\/index.php?rest_route=\/wp\/v2\/pages\/617"}],"collection":[{"href":"https:\/\/senak.inf.tu-dresden.de\/wordpress\/index.php?rest_route=\/wp\/v2\/pages"}],"about":[{"href":"https:\/\/senak.inf.tu-dresden.de\/wordpress\/index.php?rest_route=\/wp\/v2\/types\/page"}],"author":[{"embeddable":true,"href":"https:\/\/senak.inf.tu-dresden.de\/wordpress\/index.php?rest_route=\/wp\/v2\/users\/8"}],"replies":[{"embeddable":true,"href":"https:\/\/senak.inf.tu-dresden.de\/wordpress\/index.php?rest_route=%2Fwp%2Fv2%2Fcomments&post=617"}],"version-history":[{"count":3,"href":"https:\/\/senak.inf.tu-dresden.de\/wordpress\/index.php?rest_route=\/wp\/v2\/pages\/617\/revisions"}],"predecessor-version":[{"id":29319,"href":"https:\/\/senak.inf.tu-dresden.de\/wordpress\/index.php?rest_route=\/wp\/v2\/pages\/617\/revisions\/29319"}],"up":[{"embeddable":true,"href":"https:\/\/senak.inf.tu-dresden.de\/wordpress\/index.php?rest_route=\/wp\/v2\/pages\/1104"}],"wp:attachment":[{"href":"https:\/\/senak.inf.tu-dresden.de\/wordpress\/index.php?rest_route=%2Fwp%2Fv2%2Fmedia&parent=617"}],"curies":[{"name":"wp","href":"https:\/\/api.w.org\/{rel}","templated":true}]}}